t is the tens digit of 3285030?
3
What is the thousands digit of 352101?
2
What is the thousands digit of 22396165?
6
What is the hundreds digit of 1431823?
8
What is the hundred thousands digit of 12385606?
3
What is the hundreds digit of 1460475?
4
What is the thousands digit of 90358?
0
What is the hundreds digit of 51633?
6
What is the thousands digit of 2317686?
7
What is the hundreds digit of 13905489?
4
What is the ten millions digit of 12221066?
1
What is the thousands digit of 1100183?
0
What is the units digit of 3690295?
5
What is the hundred thousands digit of 116425?
1
What is the units digit of 20223838?
8
What is the units digit of 9626668?
8
What is the ten thousands digit of 48346?
4
What is the hundred thousands digit of 2190647?
1
What is the millions digit of 1209028?
1
What is the units digit of 2408294?
4
What is the ten thousands digit of 225612?
2
What is the tens digit of 15496983?
8
What is the ten thousands digit of 30764?
3
What is the units digit of 4576066?
6
What is the millions digit of 1366324?
1
What is the tens digit of 21873697?
9
What is the tens digit of 3435909?
0
What is the units digit of 644508?
8
What is the thousands digit of 843406?
3
What is the ten thousands digit of 12818021?
1
What is the thousands digit of 637678?
7
What is the hundreds digit of 1582865?
8
What is the ten thousands digit of 2501283?
0
What is the units digit of 2609397?
7
What is the units digit of 12600046?
6
What is the tens digit of 1826027?
2
What is the tens digit of 329395?
9
What is the tens digit of 4452078?
7
What is the units digit of 1886092?
2
What is the hundreds digit of 30595?
5
What is the hundred thousands digit of 1489059?
4
What is the hundred thousands digit of 452822?
4
What is the millions digit of 2656391?
2
What is the thousands digit of 139499?
9
What is the ten thousands digit of 11570?
1
What is the tens digit of 12920619?
1
What is the thousands digit of 37255?
7
What is the units digit of 788167?
7
What is the thousands digit of 1763757?
3
What is the ten thousands digit of 192637?
9
What is the millions digit of 2679591?
2
What is the hundred thousands digit of 294077?
2
What is the ten thousands digit of 369449?
6
What is the hundred thousands digit of 528342?
5
What is the units digit of 23888169?
9
What is the hundreds digit of 3119223?
2
What is the millions digit of 8594360?
8
What is the hundred thousands digit of 3863294?
8
What is the ten thousands digit of 378803?
7
What is the ten thousands digit of 2594153?
9
What is the units digit of 230981?
1
What is the tens digit of 2061532?
3
What is the hundreds digit of 212831?
8
What is the units digit of 1384100?
0
What is the units digit of 8114682?
2
What is the hundreds digit of 307665?
6
What is the tens digit of 1438050?
5
What is the hundreds digit of 31588111?
1
What is the tens digit of 3250238?
3
What is the tens digit of 1429250?
5
What is the tens digit of 275499?
9
What is the units digit of 78169?
9
What is the hundreds digit of 123448?
4
What is the ten thousands digit of 219341?
1
What is the millions digit of 2825740?
2
What is the hundreds digit of 1095294?
2
What is the hundred thousands digit of 237357?
2
What is the thousands digit of 1631793?
1
What is the hundred thousands digit of 19068416?
0
What is the millions digit of 1083941?
1
What is the tens digit of 557646?
4
What is the units digit of 58700?
0
What is the hundreds digit of 10801?
8
What is the tens digit of 2158301?
0
What is the units digit of 92982?
2
What is the thousands digit of 1446366?
6
What is the thousands digit of 119672?
9
What is the hundred thousands digit of 3566239?
5
What is the hundred thousands digit of 5064901?
0
What is the hundreds digit of 471219?
2
What is the hundreds digit of 1582230?
2
What is the ten millions digit of 10489794?
1
What is the ten thousands digit of 422069?
2
What is the hundreds digit of 2420333?
3
What is the hundreds digit of 713?
7
What is the tens digit of 931986?
8
What is the hundreds digit of 155487?
4
What is the thousands digit of 1738363?
8
What is the tens digit of 1677786?
8
What is the ten thousands digit of 7193507?
9
What is the units digit of 677656?
6
What is the tens digit of 700656?
5
What is the thousands digit of 1525284?
5
What is the tens digit of 1087946?
4
What is the thousands digit of 316595?
6
What is the hundred thousands digit of 2352322?
3
What is the tens digit of 14491286?
8
What is the hundreds digit of 83420?
4
What is the thousands digit of 15708873?
8
What is the hundreds digit of 111643?
6
What is the thousands digit of 482670?
2
What is the hundreds digit of 3298899?
8
What is the hundreds digit of 573665?
6
What is the hundred thousands digit of 189244?
1
What is the ten thousands digit of 3173296?
7
What is the hundred thousands digit of 204621?
2
What is the hundreds digit of 1302023?
0
What is the units digit of 626852?
2
What is the ten thousands digit of 793335?
9
What is the hundred thousands digit of 195707?
1
What is the ten thousands digit of 544893?
4
What is the hundreds digit of 2294453?
4
What is the ten thousands digit of 84923?
8
What is the ten thousands digit of 1141651?
4
What is the millions digit of 1166899?
1
What is the hundreds digit of 16556514?
5
What is the units digit of 1565836?
6
What is the tens digit of 2485382?
8
What is the thousands digit of 1463211?
3
What is the units digit of 41130?
0
What is the ten millions digit of 13384117?
1
What is the hundreds digit of 24371427?
4
What is the tens digit of 20394260?
6
What is the units digit of 1991811?
1
What is the hundred thousands digit of 5219824?
2
What is the thousands digit of 13536?
3
What is the hundred thousands digit of 5421041?
4
What is the tens digit of 1653574?
7
What is the hundreds digit of 235935?
9
What is the thousands digit of 60086?
0
What is the thousands digit of 6473309?
3
What is the thousands digit of 23493152?
3
What is the hundreds digit of 399897?
8
What is the units digit of 673239?
9
What is the tens digit of 2410159?
5
What is the units digit of 356842?
2
What is the hundreds digit of 758795?
7
What is the ten thousands digit of 535858?
3
What is the units digit of 3664399?
9
What is the units digit of 10958603?
3
What is the ten thousands digit of 94461?
9
What is the millions digit of 4099228?
4
What is the thousands digit of 1340301?
0
What is the hundred thousands digit of 210427?
2
What is the tens digit of 2392796?
9
What is the tens digit of 76688?
8
What is the tens digit of 1259345?
4
What is the thousands digit of 943825?
3
What is the tens digit of 1135189?
8
What is the hundred thousands digit of 1563284?
5
What is the ten thousands digit of 3353697?
5
What is the tens digit of 243150?
5
What is the ten thousands digit of 137758?
3
What is the tens digit of 348788?
8
What is the units digit of 66449?
9
What is the ten thousands digit of 1077307?
7
What is the tens digit of 128360?
6
What is the ten thousands digit of 1533953?
3
What is the hundred thousands digit of 1048313?
0
What is the ten thousands digit of 512979?
1
What is the units digit of 443301?
1
What is the tens digit of 28915?
1
What is the tens digit of 6166914?
1
What is the ten thousands digit of 850520?
5
What is the millions digit of 25050760?
5
What is the ten thousands digit of 12159589?
5
What is the thousands digit of 15593549?
3
What is the tens digit of 1011596?
9
What is the hundreds digit of 208130?
1
What is the hundreds digit of 437512?
5
What is the hundreds digit of 260039?
0
What is the tens digit of 43179?
7
What is the ten thousands digit of 6954694?
5
What is the thousands digit of 312914?
2
What is the hundreds digit of 5747483?
4
What is the thousands digit of 196891?
6
What is the units digit of 1354214?
4
What is the thousands digit of 228539?
8
What is the ten thousands digit of 200565?
0
What is the ten thousands digit of 3191950?
9
What is the millions digit of 7257539?
7
What is the ten thousands digit of 716536?
1
What is the tens digit of 51056?
5
What is the millions digit of 21680225?
1
What is the hundred thousands digit of 11452279?
4
What is the millions digit of 2377079?
2
What is the hundred thousands digit of 252830?
2
What is the units digit of 111326